r when 346 is divided by 111.
13
What is the remainder when 102 is divided by 53?
49
Calculate the remainder when 23505 is divided by 12.
9
Calculate the remainder when 1025 is divided by 54.
53
What is the remainder when 2541 is divided by 48?
45
What is the remainder when 2999 is divided by 1493?
13
What is the remainder when 8352 is divided by 220?
212
Calculate the remainder when 6508 is divided by 186.
184
Calculate the remainder when 2285 is divided by 760.
5
Calculate the remainder when 4 is divided by 2.
0
Calculate the remainder when 241 is divided by 11.
10
Calculate the remainder when 37 is divided by 24.
13
What is the remainder when 1326 is divided by 132?
6
Calculate the remainder when 594 is divided by 35.
34
What is the remainder when 316 is divided by 32?
28
Calculate the remainder when 95 is divided by 50.
45
Calculate the remainder when 42 is divided by 41.
1
Calculate the remainder when 22846 is divided by 28.
26
What is the remainder when 17666 is divided by 13?
12
Calculate the remainder when 807 is divided by 15.
12
What is the remainder when 47 is divided by 33?
14
What is the remainder when 1257 is divided by 70?
67
What is the remainder when 230 is divided by 80?
70
What is the remainder when 171 is divided by 81?
9
Calculate the remainder when 3100 is divided by 74.
66
Calculate the remainder when 3881 is divided by 13.
7
Calculate the remainder when 5218 is divided by 90.
88
What is the remainder when 73 is divided by 14?
3
Calculate the remainder when 1766 is divided by 63.
2
Calculate the remainder when 747 is divided by 29.
22
Calculate the remainder when 1567 is divided by 260.
7
Calculate the remainder when 31 is divided by 10.
1
What is the remainder when 367 is divided by 37?
34
What is the remainder when 455 is divided by 97?
67
Calculate the remainder when 2485 is divided by 24.
13
Calculate the remainder when 35 is divided by 11.
2
What is the remainder when 679 is divided by 46?
35
Calculate the remainder when 409 is divided by 55.
24
Calculate the remainder when 397 is divided by 37.
27
What is the remainder when 311 is divided by 109?
93
Calculate the remainder when 154 is divided by 26.
24
What is the remainder when 936 is divided by 103?
9
Calculate the remainder when 527 is divided by 112.
79
What is the remainder when 3724 is divided by 530?
14
What is the remainder when 77 is divided by 3?
2
Calculate the remainder when 2569 is divided by 31.
27
Calculate the remainder when 1321 is divided by 80.
41
What is the remainder when 412 is divided by 129?
25
Calculate the remainder when 293 is divided by 11.
7
Calculate the remainder when 216 is divided by 29.
13
Calculate the remainder when 1556 is divided by 52.
48
Calculate the remainder when 581 is divided by 18.
5
Calculate the remainder when 164 is divided by 28.
24
Calculate the remainder when 358 is divided by 22.
6
Calculate the remainder when 403 is divided by 135.
133
Calculate the remainder when 8094 is divided by 22.
20
What is the remainder when 60 is divided by 13?
8
What is the remainder when 109 is divided by 13?
5
Calculate the remainder when 300 is divided by 274.
26
What is the remainder when 1210 is divided by 33?
22
What is the remainder when 536 is divided by 86?
20
Calculate the remainder when 228 is divided by 15.
3
Calculate the remainder when 216 is divided by 41.
11
What is the remainder when 35 is divided by 5?
0
Calculate the remainder when 15669 is divided by 20.
9
Calculate the remainder when 3487 is divided by 870.
7
What is the remainder when 1140 is divided by 378?
6
Calculate the remainder when 647 is divided by 195.
62
Calculate the remainder when 61 is divided by 36.
25
Calculate the remainder when 177 is divided by 9.
6
What is the remainder when 477 is divided by 62?
43
Calculate the remainder when 1568 is divided by 105.
98
Calculate the remainder when 452 is divided by 27.
20
What is the remainder when 88 is divided by 29?
1
What is the remainder when 415 is divided by 157?
101
What is the remainder when 5584 is divided by 14?
12
Calculate the remainder when 245 is divided by 37.
23
What is the remainder when 2242 is divided by 26?
6
Calculate the remainder when 121 is divided by 22.
11
What is the remainder when 653 is divided by 318?
17
What is the remainder when 156 is divided by 59?
38
Calculate the remainder when 991 is divided by 98.
11
What is the remainder when 1262 is divided by 181?
176
What is the remainder when 14486 is divided by 115?
111
Calculate the remainder when 28 is divided by 22.
6
Calculate the remainder when 49 is divided by 16.
1
Calculate the remainder when 15974 is divided by 15.
14
Calculate the remainder when 9449 is divided by 189.
188
What is the remainder when 66 is divided by 33?
0
Calculate the remainder when 102 is divided by 102.
0
What is the remainder when 838 is divided by 409?
20
Calculate the remainder when 9201 is divided by 99.
93
What is the remainder when 314 is divided by 150?
14
What is the remainder when 3737 is divided by 20?
17
What is the remainder when 272 is divided by 142?
130
What is the remainder when 2336 is divided by 30?
26
What is the remainder when 1832 is divided by 105?
47
Calculate the remainder when 70 is divided by 18.
16
Calculate the remainder when 31 is divided by 17.
14
Calculate the remainder when 3835 is divided by 19.
16
What is the remainder when 2023 is divided by 12?
7
What is the remainder when 292 is divided by 132?
28
What is the remainder when 116 is divided by 13?
12
Calculate the remainder when 802 is divided by 58.
48
Calculate the remainder when 14 is divided by 13.
1
What is the remainder when 383 is divided by 47?
7
Calculate the remainder when 64 is divided by 17.
13
What is the remainder when 459 is divided by 115?
114
Calculate the remainder when 436 is divided by 110.
106
What is the remainder when 150 is divided by 146?
4
Calculate the remainder when 785 is divided by 65.
5
Calculate the remainder when 377 is divided by 18.
17
Calculate the remainder when 778 is divided by 141.
73
Calculate the remainder when 94 is divided by 16.
14
What is the remainder when 295 is divided by 8?
7
What is the remainder when 183 is divided by 18?
3
Calculate the remainder when 2728 is divided by 42.
40
Calculate the remainder when 2470 is divided by 33.
28
What is the remainder when 236 is divided by 5?
1
Calculate the remainder when 152 is divided by 11.
9
What is the remainder when 1990 is divided by 11?
10
What is the remainder when 2391 is divided by 133?
130
What is the remainder when 83 is divided by 4?
3
Calculate the remainder when 234 is divided by 47.
46
Calculate the remainder when 518 is divided by 173.
172
What is the remainder when 1440 is divided by 38?
34
What is the remainder when 2577 is divided by 364?
29
What is the remainder when 535 is divided by 284?
251
Calculate the remainder when 28 is divided by 5.
3
Calculate the remainder when 366 is divided by 63.
51
What is the remainder when 1237 is divided by 156?
145
What is the remainder when 429 is divided by 48?
45
Calculate the remainder when 119 is divided by 87.
32
What is the remainder when 279 is divided by 48?
39
What is the remainder when 122 is divided by 36?
14
Calculate the remainder when 320 is divided by 153.
14
What is the remainder when 284 is divided by 26?
24
Calculate the remainder when 574 is divided by 292.
282
Calculate the remainder when 198 is divided by 57.
27
Calculate the remainder when 115 is divided by 85.
30
What is the remainder when 210 is divided by 106?
104
Calculate the remainder when 9837 is divided by 120.
117
Calculate the remainder when 348 is divided by 70.
68
Calculate the remainder when 4305 is divided by 2151.
3
Calculate the remainder when 209 is divided by 76.
57
What is the remainder when 314 is divided by 53?
49
What is the remainder when 459 is divided by 20?
19
What is the remainder when 319 is divided by 184?
135
Calculate the remainder when 150 is divided by 107.
43
Calculate the remainder when 116 is divided by 59.
57
What is the remainder when 703 is divided by 48?
31
Calculate the remainder when 3033 is divided by 433.
2
Calculate the remainder when 10989 is divided by 12.
9
What is the remainder when 357 is divided 